f2
What is 21a (base 11) in base 9?
322
Convert 51109 (base 10) to base 2.
1100011110100101
Convert 263 (base 10) to base 16.
107
Convert 549 (base 14) to base 15.
49a
Convert -1179 (base 10) to base 2.
-10010011011
Convert 421 (base 13) to base 9.
861
-1002343 (base 5) to base 9
-23817
Convert -10205 (base 12) to base 13.
-9758
What is 6880 (base 10) in base 15?
208a
Convert 21120 (base 3) to base 7.
411
Convert 1353124 (base 6) to base 12.
387a4
Convert 13005 (base 7) to base 16.
d6b
Convert -143154 (base 6) to base 4.
-3111232
Convert 421 (base 6) to base 4.
2131
Convert -310441 (base 6) to base 13.
-b392
Convert 12000230 (base 4) to base 10.
24620
What is -91a (base 11) in base 3?
-1112010
112002 (base 4) to base 8
2602
-151321 (base 6) to base 2
-11100100000001
-22d (base 14) to base 16
-1b1
What is -48 (base 16) in base 13?
-57
Convert 440 (base 14) to base 10.
840
What is 3847 (base 9) in base 10?
2878
What is -20522 (base 6) in base 3?
-10211012
-ae68 (base 15) to base 7
-212603
What is 13088 (base 11) in base 3?
221200201
Convert -175 (base 16) to base 14.
-1c9
-a4a0 (base 11) to base 8
-33120
Convert -3b4 (base 15) to base 7.
-2314
2cc4 (base 14) to base 3
101222202
-655 (base 8) to base 3
-120220
Convert -57161 (base 8) to base 7.
-130326
-197a (base 15) to base 14
-201d
What is -48 (base 15) in base 12?
-58
What is 30020 (base 5) in base 14?
989
What is -45315 (base 6) in base 4?
-1203233
Convert 1111122 (base 3) to base 5.
13342
What is 205324 (base 6) in base 8?
40564
Convert 3231 (base 4) to base 14.
12d
What is 62 (base 8) in base 10?
50
103102 (base 6) to base 2
10000100001110
What is -42b9 (base 13) in base 12?
-5452
622 (base 13) to base 7
3016
480 (base 15) to base 9
1353
Convert 436 (base 9) to base 14.
1b7
2230 (base 4) to base 3
20101
What is -31445 (base 7) in base 6?
-55555
Convert 12001 (base 4) to base 12.
281
Convert 101112 (base 3) to base 4.
10130
1111101101 (base 2) to base 10
1005
Convert -18504 (base 9) to base 13.
-5a9a
What is -1746 (base 9) in base 2?
-10100111010
What is -103c1 (base 13) in base 3?
-1111002102
What is 6061 (base 11) in base 4?
1331311
1305 (base 9) to base 14
4db
-e (base 15) to base 12
-12
What is -cb7 (base 14) in base 15?
-b28
What is 23231 (base 4) in base 9?
1022
What is -12194 (base 12) in base 6?
-305104
What is -3169 (base 10) in base 5?
-100134
What is -21102 (base 3) in base 4?
-3020
13100 (base 5) to base 6
4425
-45c5 (base 13) to base 2
-10011001000010
-11101111011 (base 2) to base 3
-2121221
What is -187 (base 11) in base 5?
-1331
What is 641 (base 8) in base 9?
513
Convert 1358 (base 12) to base 14.
b52
Convert -2b5 (base 15) to base 3.
-211222
Convert -30030 (base 4) to base 15.
-370
-10345 (base 7) to base 16
-a15
Convert 32165 (base 7) to base 2.
1111100110001
Convert 4df (base 16) to base 4.
103133
Convert -111322 (base 4) to base 11.
-1065
-1407 (base 8) to base 13
-478
133 (base 5) to base 13
34
Convert -3130000 (base 4) to base 5.
-422310
Convert -11064 (base 10) to base 3.
-120011210
What is -1773 (base 12) in base 6?
-21023
-87a7 (base 12) to base 5
-434314
What is -23e (base 15) in base 4?
-13331
1332320 (base 4) to base 11
6112
-92b (base 15) to base 14
-a78
Convert 1750 (base 12) to base 15.
c66
Convert 5701 (base 11) to base 6.
54423
31142 (base 8) to base 6
135414
What is -312005 (base 6) in base 12?
-12605
-22335 (base 6) to base 9
-4285
Convert 354 (base 10) to base 9.
433
10010101 (base 2) to base 13
b6
Convert -322001 (base 6) to base 3.
-1100011001
What is -21316 (base 7) in base 10?
-5305
Convert -2431 (base 14) to base 2.
-1100010101011
-137 (base 13) to base 10
-215
What is -1190 (base 11) in base 15?
-6d6
What is -101044 (base 5) in base 8?
-6312
Convert 460 (base 12) to base 8.
1210
Convert -24034 (base 6) to base 15.
-106d
7682 (base 9) to base 11
4289
33a (base 11) to base 12
29a
Convert 143 (base 9) to base 16.
78
Convert 111010011110 (base 2) to base 3.
12010121
What is 1522 (base 6) in base 14?
214
What is -5 (base 16) in base 3?
-12
What is -459a (base 12) in base 16?
-1e46
What is 24322 (base 13) in base 6?
1231341
Convert -1c2 (base 14) to base 4.
-11232
Convert 13b (base 14) to base 6.
1053
3195 (base 11) to base 5
113333
7147 (base 14) to base 9
28630
-37027 (base 9) to base 2
-110000011101011
14455 (base 8) to base 11
492a
Convert 25350 (base 7) to base 16.
1a2b
-15c (base 15) to base 8
-470
-102011 (base 3) to base 4
-10231
Convert -1000011000 (base 2) to base 3.
-201212
35b (base 13) to base 4
21013
What is 401 (base 6) in base 15?
9a
What is -1103 (base 6) in base 11?
-212
What is -559 (base 14) in base 8?
-2043
Convert 1266 (base 9) to base 5.
12301
c67b (base 15) to base 6
522142
What is -d1 (base 16) in base 6?
-545
Convert -100100000 (base 2) to base 8.
-440
-15560 (base 7) to base 8
-10463
Convert 454 (base 9) to base 13.
229
Convert 221332 (base 4) to base 10.
2686
What is 30617 (base 8) in base 7?
51663
Convert -11110330 (base 4) to base 15.
-66ea
Convert -5fd7 (base 16) to base 15.
-740a
Convert -124240 (base 5) to base 9.
-6704
What is -8d (base 16) in base 11?
-119
What is -47 (base 16) in base 7?
-131
Convert 21361 (base 10) to base 3.
1002022011
48a (base 11) to base 13
35a
What is 17302 (base 9) in base 8?
27205
What is 1100010011 (base 2) in base 7?
2203
Convert -3ea2 (base 15) to base 7.
-54101
-852 (base 9) to base 7
-2012
-111211121 (base 3) to base 15
-2ec7
What is 13093 (base 11) in base 10?
18736
What is -66 (base 11) in base 9?
-80
What is a4a (base 16) in base 5?
41014
What is -11662 (base 8) in base 11?
-3874
What is -200211120 (base 3) in base 8?
-32643
-115430 (base 7) to base 11
-14979
Convert -22e (base 16) to base 13.
-33c
Convert 25012 (base 6) to base 11.
2846
1462 (base 14) to base 2
111000011110
Convert -111010001001 (base 2) to base 16.
-e89
Convert 17cc (base 14) to base 8.
10310
Convert 18c (base 14) to base 15.
165
-2212120 (base 3) to base 15
-949
What is 422 (base 10) in base 9?
518
Convert a7 (base 12) to base 16.
7f
Convert 2722 (base 14) to base 2.
1101011101010
52b1 (base 15) to base 11
12161
What is 23723 (base 11) in base 6?
422031
What is 2034 (base 9) in base 11?
1134
What is 395c (base 13) in base 5?
230224
What is 1007 (base 15) in base 7?
12601
-a5 (base 11) to base 15
-7a
-826 (base 16) to base 4
-200212
Convert 211113 (base 4) to base 11.
1884
-1495 (base 13) to base 2
-101110110011
Convert -1063 (base 9) to base 12.
-556
Convert 11101 (base 3) to base 8.
166
What is 2432 (base 9) in base 10?
1811
What is -15140 (base 6) in base 5?
-34221
Convert -43722 (base 8) to base 11.
-128a5
Convert 1000320 (base 4) to base 13.
1b75
What is 110000110 (base 2) in base 11?
325
What is -1035 (base 14) in base 16?
-ae7
Convert 107b (base 12) to base 4.
130133
Convert -6963 (base 12) to base 13.
-5460
What is 13285 (base 10) in base 14?
4bad
Convert -210101 (base 3) to base 10.
-577
Convert 111000111111001 (base 2) to base 4.
13013321
What is -af4 (base 16) in base 4?
-223310
Convert 343 (base 12) to base 5.
3413
-26327 (base 9) to base 4
-10111210
Convert 1001000110101011 (base 2) to base 15.
b0b1
Convert 5003 (base 6) to base 7.
3105
1336 (base 15) to base 16
1005
-10111111101 (base 2) to base 5
-22113
-366b (base 13) to base 7
-31301
Convert -4026 (base 7) to base 9.
-1816
Convert 415503 (base 7) to base 3.
10122012120
-3130 (base 5) to base 9
-511
What is c114 (base 13) in base 16?
67b6
-c75 (base 15) to base 2
-101011111010
-12304 (base 5) to base 3
-1022100
Convert -10000001011101 (base 2) to base 16.
-205d
What is 15874 (base 13) in base 5?
2302433
Convert -103003132 (base 4) to base 8.
-230336
What is -2356 (base 12) in base 3?
-12102110
Convert 12b2 (base 15) to base 7.
14432
Convert 5081 (base 11) to base 8.
15130
What is 431113 (base 6) in base 5?
2112003
842 (base 16) to base 3
2220022
What is -6b5 (base 13) in base 10?
-1162
Convert -1538 (base 9) to base 13.
-6bc
What is -1051 (base 11) in base 13?
-829
What is 3352 (base 8) in base 12?
1036
What is 505044 (base 6) in base 5?
2234423
What is 113420 (base 8) in base 9?
58038
Convert 40c8 (base 16) to base 10.
16584
What is 11d6 (base 15) in base 5?
110201
What is 13012302 (base 4) in base 11?
1a960
What is 364 (base 12) in base 11?
422
W